of y and f?
7
Let t(q) = -53*q - 12. Let b be t(-6). Calculate the highest common divisor of b and 34.
34
Suppose -p = -4 + 1, 0 = 4*n + 4*p + 84. Let q be 260/(-6)*n/10. Calculate the highest common factor of 13 and q.
13
Let l(r) = 2*r - 1. Let s be l(5). Suppose 37*k - 294 = -12*k. Calculate the greatest common factor of s and k.
3
Let a be 8/((-12)/9 + 2). What is the highest common factor of a and 12?
12
Let b = 45 - 25. Suppose w = -0*w + b. Calculate the highest common divisor of 8 and w.
4
Suppose 35*w - 31*w = 60. Let n = 38 + 82. What is the greatest common factor of n and w?
15
Let z(s) = -s**3 - 25*s**2 - 47*s + 77. Let p be z(-23). What is the greatest common factor of p and 25?
25
Let u = -32 + 55. Suppose -188 = -5*b - u. Calculate the highest common factor of 363 and b.
33
Suppose 0 = -4*m - 3*u - 2 - 1, -16 = 3*m + 5*u. Let f be 2/3*m*6. Calculate the highest common divisor of 60 and f.
12
Let c(j) = 3*j**3 + 4*j**2 + 4*j + 2. Let n be c(-2). Let q be n/(-63) + (-1051)/(-9). What is the highest common divisor of q and 13?
13
Let j(g) = g**3 - 5*g**2 + 3*g - 6. Let x be j(5). Suppose -100 = -x*o + 4*o. What is the highest common divisor of o and 8?
4
Suppose -5*q + 5*c = -409 - 241, 0 = 5*q - c - 634. Calculate the greatest common divisor of q and 18.
18
Let l be -2 - (-3 + (1 - 0)). Suppose l = 4*t + 11 + 13. Let b(z) = -6*z - 8. Let g be b(t). Calculate the greatest common factor of g and 7.
7
Suppose -2*r + t + 23 = 0, 0*r - 5*t - 55 = -4*r. Suppose 165 = 5*f - 2*f. Let c = 80 - f. What is the greatest common factor of r and c?
5
Suppose g = 4*g - 24. Suppose -5*v + g*v = 288. What is the highest common divisor of 24 and v?
24
Let g be (-3 + (-84)/(-20))*(6 - 1). Calculate the greatest common divisor of 54 and g.
6
Let i be (5 - 7)*(-6)/1. What is the highest common divisor of i and 84?
12
Suppose -5*n + 625 = 5*v + 30, -241 = -2*n + v. Let f be ((-15)/(-2))/((-4)/(-8)). Calculate the greatest common factor of n and f.
15
Let l(c) = -c**3 - 8*c**2 + 12*c + 13. Let z be l(-9). Let j = -2 - -10. Let u = j - z. Calculate the highest common divisor of 11 and u.
11
Let f(g) = g**2 - 5*g + 6. Suppose 5*v - 15 = 0, 4*t + v - 32 = -13. Let o be f(t). Calculate the greatest common factor of o and 2.
2
Let z be 9/(-3 + 45/10). What is the greatest common factor of z and 36?
6
Let o(t) = 4*t + 1. Let n be o(1). Let f = -2 + n. Suppose h + 6 = 4*y, 2*h + 8 = -f*y + 7*y. Calculate the greatest common divisor of y and 4.
1
Let x be (60/25)/(2/35). Let p = 39 + 24. What is the greatest common factor of x and p?
21
Suppose -2*y - 4*c - 4 = 0, 2*y + 5*c + 0*c + 7 = 0. Calculate the highest common divisor of y and 10.
2
Let c = 26 - 22. Suppose -r = -3*j + 69, c*j + r + r = 82. Calculate the greatest common factor of 198 and j.
22
Suppose -n - 2*h - h = -2, -5*n + 21 = 4*h. Suppose -n*o + 968 = -o. Calculate the greatest common factor of 22 and o.
22
Suppose 0 = -u - m + 9, -3*m + 5 = -4*m. What is the highest common divisor of u and 14?
14
Let n(f) = 69*f - 3. Let q be n(4). Suppose q = 3*z - 0*z. What is the highest common factor of 13 and z?
13
Suppose -m - 2 = -5. Let j(k) = 4*k - 4. Let l be j(m). Calculate the greatest common divisor of l and 88.
8
Suppose -3*t + 196 = -44. Calculate the highest common divisor of t and 16.
16
Let l = -3 + 0. Let u be l/(-15) - 378/(-10). Suppose -3*j - 2*c + 38 = -6*c, -5*c + u = j. What is the greatest common factor of j and 36?
18
Let j(z) = 148*z**2 - 1. Let t be j(1). Let r(i) = i**3 - 2*i. Let f be r(3). What is the greatest common factor of f and t?
21
Let b(y) = -y**2 + 6. Let f be b(0). Let t = f + -16. Let h = 10 - t. What is the greatest common divisor of 30 and h?
10
Suppose -8*b = -1188 - 132. What is the highest common factor of 66 and b?
33
Let w be (160/56)/(2/49). Calculate the greatest common divisor of 7 and w.
7
Let j(g) = -8*g - 35. Let s be j(-6). Suppose 25 = -5*t, 3*p = 5*p - 5*t - 233. What is the highest common factor of s and p?
13
Suppose -5*x + 40 = -55. Suppose 5*o - 4*y + 0 - 25 = 0, -4*o + x = -3*y. What is the highest common factor of 8 and o?
1
Let u = 511 - 258. Suppose -45 = 4*j - 137. Calculate the highest common factor of u and j.
23
Let l = -18 - -31. Suppose -3*k = -3*f - 27, 3*k - l = -3*f + 20. Calculate the greatest common factor of 2 and k.
2
Let r(b) = -2*b + 5. Let k be r(-6). Calculate the highest common factor of 17 and k.
17
Suppose -2*y + q = -3, -2 = -2*q + 4. Suppose 0 = 3*s + s + 5*k - 57, -3*s = y*k - 42. Calculate the greatest common divisor of 52 and s.
13
Suppose 4*z - 3 = z. Suppose 0 = -a + 10 - z. What is the highest common factor of a and 6?
3
Let l = -36 + 46. What is the highest common divisor of l and 2?
2
Suppose r - 1 = 2. Suppose 0 = z + r*z + 2*p - 36, -3*z - 2*p + 27 = 0. Calculate the greatest common divisor of z and 18.
9
Let u(r) = 34*r**2 - 4*r - 2. Let l be u(-1). Let t(g) = 3*g**3 - g**2 - 2. Let y be t(2). What is the highest common factor of y and l?
18
Let p(h) = 2*h**2 - h - 2. Suppose x + 0 = -3. Let q be p(x). What is the greatest common divisor of q and 171?
19
Let n be (-2)/6 - 98/(-6). Let s = -243 + 364. Suppose 4*h = -r + 36, -r - 2*r + s = -h. What is the highest common divisor of n and r?
8
Let y = 9 + -9. Suppose 3*s + s = 2*r - 38, y = 5*r - 5*s - 90. Let u(q) = 4*q**2 - 7*q + 1. Let b be u(-6). What is the highest common factor of r and b?
17
Let o(k) = -4*k - 14. Let g be o(-6). What is the greatest common factor of 40 and g?
10
Let u = 53 - 31. Let p be ((-33)/1)/(1/(-1)). What is the highest common factor of u and p?
11
Let u(y) = -y**3 - y**2 + 4*y - 1. Let i be u(-3). Let b be (-148)/6 + 2/(-6). Let q = -15 - b. Calculate the greatest common factor of i and q.
5
Let s(p) = -p**3 - 4*p**2 - 2*p - 2. Let v be s(-4). What is the greatest common divisor of v and 15?
3
Let x(u) = -5*u - 16. Let c be x(-7). What is the highest common factor of 114 and c?
19
Let g = -2 - -5. Let k be g/(-2)*(-6)/(-9). Let c be (k + 12)/(5 + -4). Calculate the greatest common factor of c and 33.
11
Let v be (-4)/14 + (-64)/(-28). Suppose 5 = n, v*c + 3*n - 13 = 6*n. Let b = 85 + c. What is the highest common factor of b and 11?
11
Let n(j) = 2*j + 5. Let o be n(5). Let v(u) = 15*u**3 - 3*u**2 + u + 2. Let s be v(2). Suppose -5*l + 787 = s. What is the greatest common divisor of o and l?
15
Let l(k) = -k**2 + 11*k - 6. Suppose 2*i = -2*i + 24. Let p be l(i). Let t = 35 - -1. What is the highest common factor of p and t?
12
Let b(w) = 3*w**2 - w + 5*w - 1 + 2 - 4*w**2. Let i be b(4). Let h(z) = -z**3 + z**2 + z - 1. Let k be h(-2). Calculate the greatest common divisor of i and k.
1
Let j be -1 + 157 + -3 + 1. Calculate the highest common divisor of 14 and j.
14
Suppose r - 130 = 77. Calculate the highest common factor of r and 23.
23
Let f be 1 - (-126*1 + 1). What is the highest common divisor of f and 18?
18
Let x = 13 + -6. Suppose 5*b - 33 - x = 0. Calculate the greatest common divisor of b and 88.
8
Let q = -40 + -13. Let m(i) = -5*i**2 - 6*i - 2. Let v be m(5). Let t = q - v. Calculate the highest common divisor of t and 13.
13
Let n(g) = -g**2 + 9*g - 7. Let a be n(7). Let z = -4 + a. Suppose 336 = 7*s - z*s. Calculate the greatest common factor of 12 and s.
12
Let m be -3 + 17/1 - (-1)/(-1). What is the greatest common divisor of 1 and m?
1
Let p(t) = 26*t - 2. Let g = -4 - -10. Let m be p(g). What is the greatest common divisor of 14 and m?
14
Let c = -10 + 19. Suppose t - 21 - c = 0. Suppose -10*z = -7*z - 225. Calculate the highest common factor of z and t.
15
Let o = -8 - -13. What is the greatest common divisor of 10 and o?
5
Let q(z) be the second derivative of -z**5/20 - 3*z**4/4 - 2*z**3 - 6*z**2 - z. Let n be q(-8). Calculate the highest common factor of 10 and n.
10
Let k(q) = -2*q + 1. Let x be k(-2). Suppose -20 = -3*y - x. Calculate the highest common factor of y and 30.
5
Let m(d) = -29*d - 3. Let c(x) = -15*x - 2. Let p(i) = 7*c(i) - 4*m(i). Let u be p(2). What is the highest common divisor of 140 and u?
20
Let g = 5 + -2. Suppose 2*y - 4 = -5*d + g, -3*d - 7 = 4*y. Let o be ((-2)/d)/(4/(-36)). Calculate the highest common divisor of o and 6.
6
Let r(p) = 7*p - 25. Let a be r(7). Calculate the greatest commo